he highest common factor of 747 and 717.
3
What is the highest common divisor of 36 and 53838?
18
What is the greatest common factor of 102620 and 700?
140
Calculate the greatest common divisor of 202810 and 34.
34
Calculate the greatest common factor of 2211 and 3417.
201
Calculate the greatest common factor of 1527763 and 173.
173
What is the greatest common factor of 113126 and 4446?
494
What is the greatest common divisor of 431 and 1786064?
431
Calculate the highest common divisor of 3573 and 180238.
397
What is the highest common divisor of 23262 and 24?
6
What is the highest common factor of 10 and 435730?
10
Calculate the highest common factor of 935532 and 468.
468
Calculate the highest common divisor of 243899 and 17.
17
What is the greatest common factor of 21463 and 3429?
127
What is the highest common factor of 38864 and 448?
112
What is the greatest common divisor of 55200 and 540?
60
Calculate the highest common divisor of 7191 and 249993.
423
Calculate the highest common factor of 1208 and 90751.
151
Calculate the highest common divisor of 28301 and 273.
91
What is the greatest common factor of 1749 and 18709?
53
Calculate the highest common divisor of 4305 and 6109.
41
Calculate the greatest common divisor of 491 and 5081359.
491
What is the highest common factor of 52337 and 8557?
199
Calculate the greatest common factor of 5985 and 1007.
19
Calculate the highest common factor of 36 and 430428.
12
Calculate the highest common divisor of 284940 and 225.
45
What is the greatest common divisor of 364767 and 1194?
597
Calculate the highest common factor of 1054 and 899.
31
Calculate the highest common divisor of 1888 and 177.
59
Calculate the greatest common factor of 162043 and 49.
49
Calculate the greatest common divisor of 97480 and 8.
8
Calculate the greatest common factor of 10 and 12262.
2
Calculate the greatest common divisor of 202878 and 7878.
78
What is the greatest common divisor of 1357 and 3009?
59
What is the greatest common factor of 304416 and 324?
36
What is the greatest common factor of 3705 and 5035?
95
What is the highest common divisor of 854 and 1050?
14
What is the greatest common factor of 400 and 1963600?
400
Calculate the greatest common factor of 37170 and 405.
45
What is the highest common factor of 39924 and 36?
36
What is the highest common divisor of 29780 and 340?
20
What is the highest common factor of 220 and 18485?
5
What is the highest common divisor of 6650 and 15?
5
What is the greatest common factor of 564 and 552?
12
What is the greatest common factor of 656679 and 3?
3
What is the greatest common factor of 48161 and 51?
17
What is the highest common factor of 1900 and 247?
19
Calculate the highest common factor of 17922 and 493.
29
What is the greatest common factor of 335532 and 12?
12
What is the greatest common factor of 14734 and 4309?
139
What is the highest common factor of 149400 and 3?
3
What is the greatest common factor of 4000 and 2880?
160
What is the highest common factor of 65911 and 57?
19
Calculate the highest common divisor of 3 and 1090311.
3
What is the highest common divisor of 3604 and 544?
68
Calculate the greatest common divisor of 65018 and 203.
29
What is the greatest common divisor of 2730 and 56700?
210
Calculate the highest common factor of 347871 and 19.
19
What is the highest common factor of 13 and 113113?
13
What is the greatest common factor of 135 and 2115?
45
What is the highest common factor of 281014 and 1702?
46
What is the highest common divisor of 3104 and 198074?
194
What is the highest common factor of 9030 and 725625?
645
What is the highest common divisor of 21097 and 365?
73
Calculate the greatest common factor of 36 and 188388.
36
What is the greatest common factor of 148289 and 33667?
257
Calculate the highest common factor of 919677 and 1364.
341
What is the highest common factor of 5291 and 199615?
481
Calculate the greatest common factor of 17820 and 99660.
660
Calculate the highest common factor of 6196210 and 10.
10
Calculate the highest common divisor of 16271 and 106.
53
Calculate the highest common factor of 1897280 and 1600.
320
What is the highest common factor of 3227666 and 1118?
1118
What is the highest common divisor of 43462 and 775?
31
What is the greatest common factor of 3482148 and 439?
439
Calculate the highest common factor of 44 and 15334.
22
What is the highest common divisor of 5057 and 147431?
389
Calculate the greatest common factor of 2395 and 1970606.
479
Calculate the greatest common divisor of 123222 and 33.
33
What is the highest common divisor of 3102 and 19599?
141
Calculate the highest common factor of 7768 and 1968.
8
Calculate the highest common factor of 10 and 169030.
10
Calculate the greatest common divisor of 76450 and 3175.
25
Calculate the greatest common divisor of 292 and 188.
4
What is the greatest common factor of 1372 and 116?
4
What is the highest common factor of 156 and 192972?
156
Calculate the highest common divisor of 36144 and 6672.
48
What is the greatest common divisor of 257 and 5677387?
257
What is the greatest common factor of 319 and 3641?
11
Calculate the greatest common factor of 414475 and 2.
1
What is the greatest common factor of 215 and 117648?
43
Calculate the greatest common factor of 52 and 10907.
13
Calculate the greatest common divisor of 3056 and 4775.
191
Calculate the highest common divisor of 8195 and 711475.
745
Calculate the highest common factor of 360 and 541560.
120
What is the greatest common divisor of 144 and 2364?
12
What is the highest common factor of 50 and 4512750?
50
Calculate the greatest common factor of 133983 and 1179.
9
What is the highest common factor of 401427 and 564?
141
Calculate the highest common divisor of 4131 and 1989.
153
Calculate the highest common divisor of 186910 and 30.
10
What is the highest common factor of 75 and 11800?
25
Calculate the greatest common divisor of 777 and 164391.
111
What is the highest common factor of 353197 and 19695?
1313
What is the greatest common factor of 48076 and 68?
68
What is the greatest common factor of 144 and 110640?
48
Calculate the highest common factor of 207 and 6784701.
69
Calculate the greatest common factor of 10 and 1298.
2
Calculate the greatest common factor of 1332 and 1435156.
148
Calculate the highest common divisor of 1332 and 7437.
111
Calculate the greatest common divisor of 124 and 679892.
124
What is the greatest common factor of 105 and 38185?
35
What is the highest common divisor of 579390 and 420?
210
What is the highest common factor of 14516 and 5730?
382
What is the greatest common factor of 3942 and 71394?
438
Calculate the greatest common divisor of 2241 and 123.
3
What is the highest common divisor of 916 and 27?
1
Calculate the highest common factor of 25506 and 2418.
78
Calculate the highest common factor of 40 and 360.
40
What is the highest common factor of 2032811 and 33?
11
Calculate the highest common divisor of 6 and 7430.
2
Calculate the greatest common divisor of 50421 and 588.
147
What is the highest common factor of 1758 and 17110614?
1758
What is the highest common factor of 132061 and 41?
41
What is the greatest common divisor of 12090 and 870?
30
What is the greatest common divisor of 450 and 10134?
18
Calculate the greatest common divisor of 1732665 and 99.
33
What is the highest common divisor of 521132 and 304?
76
What is the highest common divisor of 1048 and 11512?
8
Calculate the highest common factor of 664 and 86486.
166
Calculate the highest common divisor of 184 and 9488.
8
Calculate the highest common divisor of 3025 and 25.
25
What is the highest common divisor of 504 and 15561?
63
Calculate the highest common divisor of 35892 and 10548.
36
What is the highest common factor of 101280 and 60?
60
Calculate the greatest common factor of 848 and 41128.
424
Calculate the greatest common divisor of 98 and 86583.
49
What is the highest common factor of 833455 and 140?
35
Calculate the greatest common divisor of 11458 and 4930.
34
What is the greatest common factor of 62 and 286409?
31
What is the highest common divisor of 308 and 482405?
77
What is the highest common divisor of 6848 and 36032?
64
What is the highest common divisor of 83 and 49883?
